umber?
False
Is 180688971143 composite?
False
Is 791938550057 a composite number?
False
Is 2505869371 a prime number?
True
Is 473779309 a composite number?
True
Is 2088055903 prime?
True
Is 34144519763 a prime number?
True
Is 16255458539 a composite number?
False
Is 63556075621 prime?
True
Is 9652786699 composite?
True
Is 3931751581 composite?
True
Is 3734499631 prime?
True
Is 1949063047 a composite number?
False
Is 1902937841 a composite number?
True
Is 32313341561 prime?
False
Is 56105099797 prime?
False
Is 360703369 a prime number?
False
Is 701980597 a prime number?
False
Is 7445295529 prime?
False
Is 4546922251 a composite number?
False
Is 345877967 composite?
False
Is 245846803 prime?
False
Is 1272078029 a composite number?
False
Is 11114152255 a composite number?
True
Is 411493723 composite?
False
Is 19478406223 composite?
True
Is 2904670837 a composite number?
True
Is 4315568731 prime?
True
Is 914052511 prime?
False
Is 162766737047 composite?
True
Is 3020121769 a prime number?
False
Is 30395958598 a composite number?
True
Is 98644841 prime?
False
Is 1444199789 composite?
True
Is 10531449899 a prime number?
True
Is 5945581661 composite?
False
Is 23588890601 a prime number?
True
Is 2220179882 composite?
True
Is 3012972591 a composite number?
True
Is 573046778849 prime?
True
Is 44614102849 a prime number?
True
Is 38317190657 prime?
False
Is 13053235945 a prime number?
False
Is 42628122701 prime?
True
Is 195278274039 a prime number?
False
Is 5843775073 a composite number?
False
Is 56852360243 a prime number?
False
Is 14987551 prime?
False
Is 385247039 a composite number?
False
Is 18301021 prime?
True
Is 824277953 prime?
True
Is 72891697591 a composite number?
True
Is 83458379 a prime number?
True
Is 4810192609 composite?
False
Is 4746778927 a composite number?
True
Is 91395637 prime?
True
Is 1671410441 a composite number?
False
Is 16032589883 composite?
True
Is 28692695819 a composite number?
False
Is 12471231298 prime?
False
Is 1472043961 a prime number?
True
Is 392520841 prime?
True
Is 6222180733 prime?
True
Is 2519577187 prime?
True
Is 6721747531 a composite number?
True
Is 2558071 composite?
True
Is 1699505239 a prime number?
True
Is 47225701 a prime number?
True
Is 7669201367 composite?
False
Is 464500151 a prime number?
True
Is 140232917 a composite number?
True
Is 60453210869 prime?
True
Is 10584523531 a prime number?
False
Is 2757154613 prime?
False
Is 19335182423 prime?
False
Is 840815099 a composite number?
False
Is 3573309386 a composite number?
True
Is 6503669189 prime?
False
Is 56656310993 prime?
True
Is 2069152903 prime?
False
Is 35082522557 a prime number?
True
Is 52439228671 composite?
False
Is 26644898811 a prime number?
False
Is 84465694567 a composite number?
True
Is 12096228913 a prime number?
False
Is 161371139 a composite number?
False
Is 76340652257 prime?
True
Is 150258250871 composite?
True
Is 4203325583 a prime number?
False
Is 908698127 prime?
False
Is 1656040801 composite?
True
Is 7717363222 a prime number?
False
Is 101775111497 composite?
True
Is 139357781 a prime number?
True
Is 2676303107 prime?
True
Is 5621941379 a prime number?
True
Is 1061471911 prime?
False
Is 312425039 a composite number?
False
Is 14553700783 a prime number?
True
Is 69392258461 composite?
False
Is 5396568787 prime?
False
Is 154742237 a prime number?
False
Is 9766678001 prime?
False
Is 4922577463 a composite number?
False
Is 84198721 a prime number?
False
Is 3390172789 a composite number?
False
Is 55065786869 composite?
False
Is 21069303457 prime?
True
Is 21435699941 composite?
True
Is 97029306007 a composite number?
False
Is 31637918603 prime?
False
Is 2152585129 composite?
False
Is 477599249 composite?
True
Is 1928183431 a composite number?
False
Is 2975234387 a prime number?
True
Is 15992007791 a prime number?
False
Is 5141243033 prime?
True
Is 318420253 a composite number?
True
Is 25699692297 composite?
True
Is 20570130281 composite?
False
Is 2778425383 prime?
False
Is 5368169179 composite?
True
Is 81329430302 a composite number?
True
Is 213434593 prime?
True
Is 343161659 prime?
True
Is 62784459281 a composite number?
True
Is 44218422151 composite?
False
Is 55997815019 prime?
True
Is 131115480269 composite?
True
Is 11619503967 a prime number?
False
Is 68290069 composite?
True
Is 12710318513 a composite number?
True
Is 2401480982 a composite number?
True
Is 722528179 prime?
True
Is 1201843751 a composite number?
False
Is 11500708309 prime?
False
Is 4733681827 a composite number?
True
Is 14330694299 composite?
True
Is 87990101 prime?
True
Is 182931547 prime?
True
Is 151415007467 a composite number?
False
Is 164399633 composite?
False
Is 11424855331 composite?
True
Is 9711539371 composite?
False
Is 2485364047 prime?
False
Is 349612553915 prime?
False
Is 144847609 prime?
False
Is 1100180461 a composite number?
False
Is 739207817 a prime number?
False
Is 327243439 composite?
False
Is 5075786983 a composite number?
False
Is 368926043 composite?
True
Is 131373342869 composite?
True
Is 4237664147 composite?
True
Is 360336479 a composite number?
False
Is 36659097841 composite?
False
Is 7630059011 prime?
True
Is 13870301591 prime?
True
Is 4508082893 prime?
True
Is 13117818881 a prime number?
True
Is 11739755879 a prime number?
False
Is 1639346323 prime?
False
Is 3890176841 prime?
False
Is 2257783609 a prime number?
False
Is 437748037 composite?
False
Is 3656626003 a prime number?
False
Is 4172055647 prime?
True
Is 48805567 composite?
True
Is 1164930539 prime?
True
Is 5995870687 prime?
True
Is 3948922807 a prime number?
False
Is 2942827441 composite?
False
Is 564915907 a prime number?
True
Is 2476691747 a composite number?
False
Is 212518463 prime?
False
Is 74154827 prime?
False
Is 772407983 a composite number?
False
Is 344856617969 prime?
True
Is 33728642509 composite?
True
Is 8306849827 a composite number?
False
Is 47304883361 composite?
False
Is 20741833649 a composite number?
False
Is 4830691897 composite?
True
Is 1019182159 a prime number?
False
Is 39199807109 composite?
False
Is 3858318553 prime?
True
Is 12022779547 composite?
False
Is 6394768823 prime?
False
Is 853256449 a prime number?
True
Is 31833511 prime?
True
Is 25449522181 composite?
False
Is 6272183 prime?
True
Is 157717511 composite?
True
Is 56993732633 prime?
False
Is 908220899 prime?
True
Is 5463981251 prime?
False
Is 67880761 a prime number?
False
Is 53033666197 prime?
False
Is 4374828173 a prime number?
True
Is 2571195959 prime?
False
Is 111253294831 prime?
False
Is 3023077081 prime?
True
Is 67161809483 prime?
False
Is 7263270839 prime?
False
Is 1114774729 prime?
False
Is 12092328487 a prime number?
False
Is 78807128819 composite?
True
Is 168597227 composite?
False
Is 428248027 composite?
True
Is 1665842849 prime?
False
Is 27321846007 a composite number?
False
Is 21995194703 prime?
True
Is 19826162129 a prime number?
True
Is 425735024123 prime?
True
Is 29123581507 prime?
False
Is 24470211067 a prime number?
True
Is 439065293 prime?
True
Is 793399883 prime?
True
Is 605474071 a composite number?
True
Is 5819100171 composite?
True
Is 6225844519 a composite number?
True
Is 123358973 a prime number?
False
Is 8427920777 prime?
True
Is 1070231117 a composite number?
False
Is 1530534487 a prime number?
True
Is 422399321 a composite number?
False
Is 65210126831 a composite number?
False
Is 50581169 a composite number?
False
Is 4742632597 composite?
False
Is 764261923 a composite number?
True
Is 4232309537 composite?
False
Is 2205407579 a prime number?
False
Is 377136751 prime?
False
Is 540634837 a prime number?
False
Is 15047346827 a prime number?
True
Is 113244269 a prime number?
False
Is 33046213229 a composite number?
True
Is 11707566077 prime?
False
Is 44776083043 a composite number?
False
Is 585029197 a composite number?
True
Is 211118311 prime?
False
Is 6411841199 a prime number?
True
Is 21697466579 a prime number?
True
Is 355443163 composite?
False
Is 547718641 a prime number?
True
Is 17138405029 composite?
True
Is 41153679119 a composite number?
True
Is 2029546801 composite?
False
Is 110678647 a composite number?
False
Is 1746513299 a prime number?
True
Is 19837062023 composite?
True
Is 645993463 a prime number?
True
Is 111554769373 a prime number?
True
Is 1364514037 prime